{"id":15463,"date":"2016-07-27T07:42:54","date_gmt":"2016-07-27T07:42:54","guid":{"rendered":"https:\/\/www.bombersdv.es\/es\/perfil-del-contratante\/contratacion-programada-acuerdo-marco-prendas-vestuario-pliego-tecnico\/"},"modified":"2017-01-24T17:18:03","modified_gmt":"2017-01-24T16:18:03","slug":"contratacion-programada-acuerdo-marco-prendas-vestuario-pliego-tecnico","status":"publish","type":"page","link":"https:\/\/www.bombersdv.es\/es\/perfil-del-contratante\/contrataciones-anteriores\/procedimientos-finalizados\/contratacion-programada-acuerdo-marco-prendas-vestuario-pliego-tecnico\/","title":{"rendered":"Contrataci\u00f3n programada. Acuerdo Marco Prendas Vestuario. Pliego T\u00e9cnico"},"content":{"rendered":"<div class=\"fusion-fullwidth fullwidth-box fusion-builder-row-1 nonhundred-percent-fullwidth non-hundred-percent-height-scrolling\" style=\"--awb-border-radius-top-left:0px;--awb-border-radius-top-right:0px;--awb-border-radius-bottom-right:0px;--awb-border-radius-bottom-left:0px;--awb-flex-wrap:wrap;\" ><div class=\"fusion-builder-row fusion-row\"><div class=\"fusion-layout-column fusion_builder_column fusion-builder-column-0 fusion_builder_column_1_1 1_1 fusion-one-full fusion-column-first fusion-column-last\" style=\"--awb-bg-size:cover;--awb-margin-bottom:0px;\"><div class=\"fusion-column-wrapper fusion-flex-column-wrapper-legacy\"><div class=\"fusion-text fusion-text-1\"><p>Pr\u00f3ximamente se pretende publicar anuncio de licitaci\u00f3n para Acuerdo Marco para el suministro de prendas de vestuario y equipos de protecci\u00f3n individual con las\u00a0 prescripciones t\u00e9cnicas cuyo pliego se publica en el Perfil del Contratante a modo de informaci\u00f3n previa a la licitaci\u00f3n (no es anuncio previo a los efectos del art. 141 TRLCSP):<\/p>\n<ul>\n<li><a class=\"joomdoclink\" href=\"http:\/\/www.bombersdv.es\/wp-content\/uploads\/sites\/3\/2016\/07\/C15024PPT.pdf\">\u00a0Pliego T\u00e9cnico (<span class=\"small\">1 MB<\/span>)<\/a><\/li>\n<\/ul>\n<\/div><div class=\"fusion-clearfix\"><\/div><\/div><\/div><\/div><\/div>\n","protected":false},"excerpt":{"rendered":"","protected":false},"author":1,"featured_media":0,"parent":15439,"menu_order":0,"comment_status":"closed","ping_status":"closed","template":"","meta":{"footnotes":""},"class_list":["post-15463","page","type-page","status-publish","hentry"],"_links":{"self":[{"href":"https:\/\/www.bombersdv.es\/es\/wp-json\/wp\/v2\/pages\/15463"}],"collection":[{"href":"https:\/\/www.bombersdv.es\/es\/wp-json\/wp\/v2\/pages"}],"about":[{"href":"https:\/\/www.bombersdv.es\/es\/wp-json\/wp\/v2\/types\/page"}],"author":[{"embeddable":true,"href":"https:\/\/www.bombersdv.es\/es\/wp-json\/wp\/v2\/users\/1"}],"replies":[{"embeddable":true,"href":"https:\/\/www.bombersdv.es\/es\/wp-json\/wp\/v2\/comments?post=15463"}],"version-history":[{"count":0,"href":"https:\/\/www.bombersdv.es\/es\/wp-json\/wp\/v2\/pages\/15463\/revisions"}],"up":[{"embeddable":true,"href":"https:\/\/www.bombersdv.es\/es\/wp-json\/wp\/v2\/pages\/15439"}],"wp:attachment":[{"href":"https:\/\/www.bombersdv.es\/es\/wp-json\/wp\/v2\/media?parent=15463"}],"curies":[{"name":"wp","href":"https:\/\/api.w.org\/{rel}","templated":true}]}}

Contratación programada. Acuerdo Marco Prendas Vestuario. Pliego Técnico

<div class="fusion-fullwidth fullwidth-box fusion-builder-row-1 nonhundred-percent-fullwidth non-hundred-percent-height-scrolling" style="--awb-border-radius-top-left:0px;--awb-border-radius-top-right:0px;--awb-border-radius-bottom-right:0px;--awb-border-radius-bottom-left:0px;--awb-flex-wrap:wrap;" ><div class="fusion-builder-row fusion-row"><div class="fusion-layout-column fusion_builder_column fusion-builder-column-0 fusion_builder_column_1_1 1_1 fusion-one-full fusion-column-first fusion-column-last" style="--awb-bg-size:cover;--awb-margin-bottom:0px;"><div class="fusion-column-wrapper fusion-flex-column-wrapper-legacy"><div class="fusion-text fusion-text-1"><p>Próximamente se pretende publicar anuncio de licitación para Acuerdo Marco para el suministro de prendas de vestuario y equipos de protección individual con las  prescripciones técnicas cuyo pliego se publica en el Perfil del Contratante a modo de información previa a la licitación (no es anuncio previo a los efectos del art. 141 TRLCSP):</p>
<ul>
<li><a class="joomdoclink" href="http://www.bombersdv.es/wp-content/uploads/sites/3/2016/07/C15024PPT.pdf"> Pliego Técnico (<span class="small">1 MB</span>)</a></li>
</ul>
</div><div class="fusion-clearfix"></div></div></div></div></div>
