{"id":67033,"date":"2023-11-08T14:32:15","date_gmt":"2023-11-08T13:32:15","guid":{"rendered":"https:\/\/www.bombersdv.es\/?page_id=67033"},"modified":"2023-11-13T09:35:58","modified_gmt":"2023-11-13T08:35:58","slug":"normativa-generalitat-actualizacion-noviembre-2023","status":"publish","type":"page","link":"https:\/\/www.bombersdv.es\/es\/portal-de-transparencia\/funciones-y-normativas-2023\/normativa-generalitat-actualizacion-noviembre-2023\/","title":{"rendered":"Normativa Generalitat actualizacion noviembre 2023"},"content":{"rendered":"\n<table id=\"tablepress-82\" class=\"tablepress tablepress-id-82\">\n<thead>\n<tr class=\"row-1\">\n\t<th class=\"column-1\">Disposici\u00f3n<\/th><th class=\"column-2\">Enlace<\/th>\n<\/tr>\n<\/thead>\n<tbody class=\"row-striping row-hover\">\n<tr class=\"row-2\">\n\t<td class=\"column-1\">Ley 13\/2010, de 23 de noviembre, de la Generalitat, de Protecci\u00f3n Civil y Gesti\u00f3n de Emergencias.<\/td><td class=\"column-2\"><a href=\"https:\/\/dogv.gva.es\/es\/disposicio-consolidada?signatura=012725\/2010&amp;idioma=es&amp;L=1&amp;url_lista=\" rel=\"noopener\" target=\"_blank\">Texto consolidado<\/a><\/td>\n<\/tr>\n<tr class=\"row-3\">\n\t<td class=\"column-1\">Ley 7\/2011, de 1 de abril, de la Generalitat, de los Servicios de Prevenci\u00f3n, Extinci\u00f3n de Incendios y Salvamento de la Comunitat Valenciana.<\/td><td class=\"column-2\"><a href=\"https:\/\/dogv.gva.es\/datos\/2011\/04\/06\/pdf\/2011_3983.pdf\" rel=\"noopener\" target=\"_blank\">PDF<\/a><br \/>\n<a href=\"https:\/\/dogv.gva.es\/es\/disposicio-consolidada?signatura=004136\/2011&amp;idioma=es&amp;L=1&amp;url_lista=\" rel=\"noopener\" target=\"_blank\">Texto consolidado<\/a><\/td>\n<\/tr>\n<tr class=\"row-4\">\n\t<td class=\"column-1\">LEY 4\/2017, de 3 de febrero, de la Generalitat, por la que se crea la Agencia Valenciana de Seguridad y Respuesta a las Emergencias. DOGV n\u00fam. 7976 , de 09.02.2017<\/td><td class=\"column-2\"><a href=\"https:\/\/dogv.gva.es\/es\/disposicio-consolidada?signatura=001394\/2017&amp;idioma=es&amp;L=1&amp;url_lista=\" rel=\"noopener\" target=\"_blank\">Texto consolidado<\/a><\/td>\n<\/tr>\n<tr class=\"row-5\">\n\t<td class=\"column-1\">DECRETO 132\/2011, de 23 de septiembre, del Consell, por el que se regula la organizaci\u00f3n y funcionamiento de la Comisi\u00f3n de Protecci\u00f3n Civil de la Comunitat Valenciana. (DOCV n\u00fam. 6617 de 27.09.2011)<\/td><td class=\"column-2\"><a href=\"https:\/\/dogv.gva.es\/datos\/2011\/09\/27\/pdf\/2011_9762.pdf\" rel=\"noopener\" target=\"_blank\">PDF<\/a><\/td>\n<\/tr>\n<tr class=\"row-6\">\n\t<td class=\"column-1\">DECRETO 23\/2012, de 27 de enero, del Consell, por el que se regula la composici\u00f3n y funcionamiento de la Mesa Social de la Protecci\u00f3n Civil y las Emergencias de la Comunitat Valenciana. (DOCV n\u00fam. 6702 de 30.01.2012)<\/td><td class=\"column-2\"><a href=\"https:\/\/dogv.gva.es\/es\/disposicio-consolidada?signatura=001023\/2012&amp;idioma=es&amp;L=1&amp;url_lista=\" rel=\"noopener\" target=\"_blank\">Texto consolidado<\/a><\/td>\n<\/tr>\n<tr class=\"row-7\">\n\t<td class=\"column-1\">DECRETO 83\/2015, de 29 de mayo, del Consell, por el que se regulan los requisitos y el procedimiento de homologaci\u00f3n de acciones formativas dirigidas al personal de seguridad y emergencias.(DOCV n\u00fam. 7537 de 01.06.2015)<\/td><td class=\"column-2\"><a href=\"https:\/\/dogv.gva.es\/datos\/2015\/06\/01\/pdf\/2015_5108.pdf\" rel=\"noopener\" target=\"_blank\">PDF<\/a><\/td>\n<\/tr>\n<tr class=\"row-8\">\n\t<td class=\"column-1\">DECRETO 27\/2012, de 3 de febrero, del Consell, por el que se regula la composici\u00f3n y r\u00e9gimen de funcionamiento de la Comisi\u00f3n de Coordinaci\u00f3n de los Servicios de Prevenci\u00f3n, Extinci\u00f3n de Incendios y Salvamento de la Comunitat Valenciana. (DOCV n\u00fam. 6708 de 07.02.2012)<\/td><td class=\"column-2\"><a href=\"https:\/\/dogv.gva.es\/datos\/2016\/12\/22\/pdf\/2016_10366.pdf\" rel=\"noopener\" target=\"_blank\">PDF<\/a><br \/>\n<a href=\"https:\/\/dogv.gva.es\/es\/disposicio-consolidada?signatura=001283\/2012&amp;idioma=es&amp;L=1&amp;url_lista=\" rel=\"noopener\" target=\"_blank\">Texto consolidado<\/a><\/td>\n<\/tr>\n<tr class=\"row-9\">\n\t<td class=\"column-1\">DECRETO 187\/2016, de 16 de diciembre, del Consell, de modificaci\u00f3n del Decreto 27\/2012, de 3 de febrero, del Consell, por el que se regula la composici\u00f3n y r\u00e9gimen de funcionamiento de la Comisi\u00f3n de Coordinaci\u00f3n de los Servicios de Prevenci\u00f3n, Extinci\u00f3n de Incendios y Salvamento de la Comunitat Valenciana. DOGV n\u00fam. 7942 , de 22.12.2016<\/td><td class=\"column-2\"><a href=\"https:\/\/dogv.gva.es\/datos\/2016\/12\/22\/pdf\/2016_10366.pdf\" rel=\"noopener\" target=\"_blank\">PDF<\/a><\/td>\n<\/tr>\n<tr class=\"row-10\">\n\t<td class=\"column-1\">DECRETO 92\/2015, de 12 de junio, del Consell, de modificaci\u00f3n del Decreto 27\/2012, de 3 de febrero, por el que se regula la composici\u00f3n y r\u00e9gimen de funcionamiento de la Comisi\u00f3n de Coordinaci\u00f3n de los Servicios de Prevenci\u00f3n, Extinci\u00f3n de Incendios y Salvamento de la Comunitat Valenciana. (DOCV n\u00fam. 7548 de 15.06.2015)<\/td><td class=\"column-2\"><a href=\"https:\/\/dogv.gva.es\/datos\/2015\/06\/15\/pdf\/2015_5637.pdf\" rel=\"noopener\" target=\"_blank\">PDF<\/a><\/td>\n<\/tr>\n<tr class=\"row-11\">\n\t<td class=\"column-1\">DECRETO 224\/2015, de 4 de diciembre, del Consell, por el que se regula el Registro de Bomberos de la Comunitat Valenciana y se establecen las condiciones y requisitos para la acreditaci\u00f3n del personal bombero voluntario y el personal bombero de empresa.(DOCV n\u00fam. 7676 de 11.12.2015)<\/td><td class=\"column-2\"><a href=\"https:\/\/dogv.gva.es\/datos\/2015\/12\/11\/pdf\/2015_9945.pdf\" rel=\"noopener\" target=\"_blank\">PDF<\/a><\/td>\n<\/tr>\n<tr class=\"row-12\">\n\t<td class=\"column-1\">DECRETO 22\/2015, de 22 de diciembre, del president de la Generalitat, por el que se regula el Curso Selectivo de Formaci\u00f3n para el personal bombero de nuevo acceso a los Servicios de Prevenci\u00f3n, Extinci\u00f3n de Incendios y Salvamento de la Comunitat Valenciana. (DOCV n\u00fam. 7689 de 31.12.2015)<\/td><td class=\"column-2\"><a href=\"https:\/\/dogv.gva.es\/datos\/2015\/12\/31\/pdf\/2015_10451.pdf\" rel=\"noopener\" target=\"_blank\">PDF<\/a><\/td>\n<\/tr>\n<tr class=\"row-13\">\n\t<td class=\"column-1\">DECRETO 1\/2016, de 19 de abril, del president de la Generalitat, por el que se regula el Curso Selectivo de Formaci\u00f3n para el Personal de la Escala de Mando e Inspecci\u00f3n de los Servicios de Prevenci\u00f3n, Extinci\u00f3n de Incendios y Salvamento de la Comunitat Valenciana. (DOCV n\u00fam. 7774 de 04.05.2016)<\/td><td class=\"column-2\"><a href=\"https:\/\/dogv.gva.es\/datos\/2016\/05\/04\/pdf\/2016_2980.pdf\" rel=\"noopener\" target=\"_blank\">PDF<\/a><\/td>\n<\/tr>\n<tr class=\"row-14\">\n\t<td class=\"column-1\">DECRETO 122\/2017, de 15 de septiembre, del Consell, por el que aprueba el Reglamento org\u00e1nico y funcional de la Agencia Valenciana de Seguridad y Respuesta a las Emergencias. DOGV n\u00fam. 8136 , de 27.09.2017<\/td><td class=\"column-2\"><a href=\"https:\/\/dogv.gva.es\/es\/disposicio-consolidada?signatura=008399\/2017&amp;idioma=es&amp;L=1&amp;url_lista=\" rel=\"noopener\" target=\"_blank\">PDF<\/a><\/td>\n<\/tr>\n<tr class=\"row-15\">\n\t<td class=\"column-1\">DECRETO 129\/2018, de 7 de septiembre, del Consell, por el que se aprueba el Reglamento del Servicio de Bomberos Forestales de la Generalitat. [2018\/8387] DOGV n\u00fam. 8380 , de 11.09.2018<\/td><td class=\"column-2\"><a href=\"https:\/\/dogv.gva.es\/datos\/2018\/09\/11\/pdf\/2018_8387.pdf\" rel=\"noopener\" target=\"_blank\">PDF<\/a><\/td>\n<\/tr>\n<tr class=\"row-16\">\n\t<td class=\"column-1\">DECRETO 174\/2022 de 21 de octubre, del Consell, por el cual se establece para la Comunitat Valenciana el curr\u00edculum del ciclo formativo de grado medio correspondiente al t\u00edtulo de t\u00e9cnico o t\u00e9cnica en Emergencias y Protecci\u00f3n Civil. [2022\/9905] DOGV n\u00fam. 9461 , de 02.11.2022<\/td><td class=\"column-2\"><a href=\"https:\/\/dogv.gva.es\/datos\/2022\/11\/02\/pdf\/2022_9905.pdf\" rel=\"noopener\" target=\"_blank\">PDF<\/a><\/td>\n<\/tr>\n<tr class=\"row-17\">\n\t<td class=\"column-1\">DECRETO 52\/2022, de 13 de mayo, del Consell, por el que se establece para la Comunitat Valenciana el curr\u00edculo del ciclo formativo de grado superior correspondiente al t\u00edtulo de t\u00e9cnico o t\u00e9cnica superiores en Coordinaci\u00f3n de Emergencias y Protecci\u00f3n Civil. [2022\/4221] DOGV n\u00fam. 9355 , de 06.06.2022<\/td><td class=\"column-2\"><a href=\"https:\/\/dogv.gva.es\/datos\/2022\/06\/06\/pdf\/2022_4221.pdf\" rel=\"noopener\" target=\"_blank\">PDF<\/a><\/td>\n<\/tr>\n<tr class=\"row-18\">\n\t<td class=\"column-1\">DECRETO 22\/2014, de 24 de enero, del Consell, por el que se regula el procedimiento para la repercusi\u00f3n de los costes de movilizaci\u00f3n de los recursos de los servicios esenciales de intervenci\u00f3n dependientes de la conseller\u00eda con competencias en materia de protecci\u00f3n civil y gesti\u00f3n de emergencias de la Comunitat Valenciana. [2014\/694] DOGV n\u00fam. 7201 , de 28.01.2014<\/td><td class=\"column-2\"><a href=\"https:\/\/dogv.gva.es\/datos\/2014\/01\/28\/pdf\/2014_694.pdf\" rel=\"noopener\" target=\"_blank\">PDF<\/a><\/td>\n<\/tr>\n<tr class=\"row-19\">\n\t<td class=\"column-1\">DECRETO 37\/2023, de 24 de marzo, del Consell, por el que se establecen elementos identificativos de uniformidad de las diferentes categor\u00edas y escalas de los Servicios de Prevenci\u00f3n, Extinci\u00f3n de Incendios y Salvamento de la Comunitat Valenciana. [2023\/3451] DOGV n\u00fam. 9567 , de 03.04.2023(Ref. Base Datos 003431\/2023 )<\/td><td class=\"column-2\"><a href=\"https:\/\/dogv.gva.es\/datos\/2023\/04\/03\/pdf\/2023_3451.pdf\" rel=\"noopener\" target=\"_blank\">PDF<\/a><\/td>\n<\/tr>\n<tr class=\"row-20\">\n\t<td class=\"column-1\">DECRETO 163\/2019, de 19 de julio, del Consell, de establecimiento de las bases y los criterios generales para la selecci\u00f3n, la promoci\u00f3n y la movilidad del personal de las escalas y las categor\u00edas de los servicios de prevenci\u00f3n, extinci\u00f3n de incendios y salvamento de las administraciones p\u00fablicas de la Comunitat Valenciana. [2019\/7756] DOGV n\u00fam. 8602 , de 30.07.2019<\/td><td class=\"column-2\"><a href=\"https:\/\/dogv.gva.es\/datos\/2019\/07\/30\/pdf\/2019_7756.pdf\" rel=\"noopener\" target=\"_blank\">PDF<\/a><\/td>\n<\/tr>\n<tr class=\"row-21\">\n\t<td class=\"column-1\">Decreto 91\/2023, de 22 de junio, del Consell, por el que se aprueba el Reglamento de la Ley 3\/1993, de 9 de diciembre, forestal de la Comunitat Valenciana<br \/>\n<br \/>\n<\/td><td class=\"column-2\"><a href=\"https:\/\/dogv.gva.es\/es\/eli\/es-vc\/d\/2023\/06\/22\/91\" rel=\"noopener\" target=\"_blank\">Permalink ELI<\/a><\/td>\n<\/tr>\n<tr class=\"row-22\">\n\t<td class=\"column-1\"><\/td><td class=\"column-2\"><\/td>\n<\/tr>\n<\/tbody>\n<\/table>\n<!-- #tablepress-82 from cache -->\n","protected":false},"excerpt":{"rendered":"","protected":false},"author":183,"featured_media":0,"parent":66955,"menu_order":0,"comment_status":"closed","ping_status":"closed","template":"","meta":{"footnotes":""},"class_list":["post-67033","page","type-page","status-publish","hentry"],"_links":{"self":[{"href":"https:\/\/www.bombersdv.es\/es\/wp-json\/wp\/v2\/pages\/67033"}],"collection":[{"href":"https:\/\/www.bombersdv.es\/es\/wp-json\/wp\/v2\/pages"}],"about":[{"href":"https:\/\/www.bombersdv.es\/es\/wp-json\/wp\/v2\/types\/page"}],"author":[{"embeddable":true,"href":"https:\/\/www.bombersdv.es\/es\/wp-json\/wp\/v2\/users\/183"}],"replies":[{"embeddable":true,"href":"https:\/\/www.bombersdv.es\/es\/wp-json\/wp\/v2\/comments?post=67033"}],"version-history":[{"count":1,"href":"https:\/\/www.bombersdv.es\/es\/wp-json\/wp\/v2\/pages\/67033\/revisions"}],"predecessor-version":[{"id":67037,"href":"https:\/\/www.bombersdv.es\/es\/wp-json\/wp\/v2\/pages\/67033\/revisions\/67037"}],"up":[{"embeddable":true,"href":"https:\/\/www.bombersdv.es\/es\/wp-json\/wp\/v2\/pages\/66955"}],"wp:attachment":[{"href":"https:\/\/www.bombersdv.es\/es\/wp-json\/wp\/v2\/media?parent=67033"}],"curies":[{"name":"wp","href":"https:\/\/api.w.org\/{rel}","templated":true}]}}

<table id="tablepress-82" class="tablepress tablepress-id-82">
<thead>
<tr class="row-1">
	<th class="column-1">Disposición</th><th class="column-2">Enlace</th>
</tr>
</thead>
<tbody class="row-striping row-hover">
<tr class="row-2">
	<td class="column-1">Ley 13/2010, de 23 de noviembre, de la Generalitat, de Protección Civil y Gestión de Emergencias.</td><td class="column-2"><a href="https://dogv.gva.es/es/disposicio-consolidada?signatura=012725/2010&amp;idioma=es&amp;L=1&amp;url_lista=" rel="noopener" target="_blank">Texto consolidado</a></td>
</tr>
<tr class="row-3">
	<td class="column-1">Ley 7/2011, de 1 de abril, de la Generalitat, de los Servicios de Prevención, Extinción de Incendios y Salvamento de la Comunitat Valenciana.</td><td class="column-2"><a href="https://dogv.gva.es/datos/2011/04/06/pdf/2011_3983.pdf" rel="noopener" target="_blank">PDF</a><br />
<a href="https://dogv.gva.es/es/disposicio-consolidada?signatura=004136/2011&amp;idioma=es&amp;L=1&amp;url_lista=" rel="noopener" target="_blank">Texto consolidado</a></td>
</tr>
<tr class="row-4">
	<td class="column-1">LEY 4/2017, de 3 de febrero, de la Generalitat, por la que se crea la Agencia Valenciana de Seguridad y Respuesta a las Emergencias. DOGV núm. 7976 , de 09.02.2017</td><td class="column-2"><a href="https://dogv.gva.es/es/disposicio-consolidada?signatura=001394/2017&amp;idioma=es&amp;L=1&amp;url_lista=" rel="noopener" target="_blank">Texto consolidado</a></td>
</tr>
<tr class="row-5">
	<td class="column-1">DECRETO 132/2011, de 23 de septiembre, del Consell, por el que se regula la organización y funcionamiento de la Comisión de Protección Civil de la Comunitat Valenciana. (DOCV núm. 6617 de 27.09.2011)</td><td class="column-2"><a href="https://dogv.gva.es/datos/2011/09/27/pdf/2011_9762.pdf" rel="noopener" target="_blank">PDF</a></td>
</tr>
<tr class="row-6">
	<td class="column-1">DECRETO 23/2012, de 27 de enero, del Consell, por el que se regula la composición y funcionamiento de la Mesa Social de la Protección Civil y las Emergencias de la Comunitat Valenciana. (DOCV núm. 6702 de 30.01.2012)</td><td class="column-2"><a href="https://dogv.gva.es/es/disposicio-consolidada?signatura=001023/2012&amp;idioma=es&amp;L=1&amp;url_lista=" rel="noopener" target="_blank">Texto consolidado</a></td>
</tr>
<tr class="row-7">
	<td class="column-1">DECRETO 83/2015, de 29 de mayo, del Consell, por el que se regulan los requisitos y el procedimiento de homologación de acciones formativas dirigidas al personal de seguridad y emergencias.(DOCV núm. 7537 de 01.06.2015)</td><td class="column-2"><a href="https://dogv.gva.es/datos/2015/06/01/pdf/2015_5108.pdf" rel="noopener" target="_blank">PDF</a></td>
</tr>
<tr class="row-8">
	<td class="column-1">DECRETO 27/2012, de 3 de febrero, del Consell, por el que se regula la composición y régimen de funcionamiento de la Comisión de Coordinación de los Servicios de Prevención, Extinción de Incendios y Salvamento de la Comunitat Valenciana. (DOCV núm. 6708 de 07.02.2012)</td><td class="column-2"><a href="https://dogv.gva.es/datos/2016/12/22/pdf/2016_10366.pdf" rel="noopener" target="_blank">PDF</a><br />
<a href="https://dogv.gva.es/es/disposicio-consolidada?signatura=001283/2012&amp;idioma=es&amp;L=1&amp;url_lista=" rel="noopener" target="_blank">Texto consolidado</a></td>
</tr>
<tr class="row-9">
	<td class="column-1">DECRETO 187/2016, de 16 de diciembre, del Consell, de modificación del Decreto 27/2012, de 3 de febrero, del Consell, por el que se regula la composición y régimen de funcionamiento de la Comisión de Coordinación de los Servicios de Prevención, Extinción de Incendios y Salvamento de la Comunitat Valenciana. DOGV núm. 7942 , de 22.12.2016</td><td class="column-2"><a href="https://dogv.gva.es/datos/2016/12/22/pdf/2016_10366.pdf" rel="noopener" target="_blank">PDF</a></td>
</tr>
<tr class="row-10">
	<td class="column-1">DECRETO 92/2015, de 12 de junio, del Consell, de modificación del Decreto 27/2012, de 3 de febrero, por el que se regula la composición y régimen de funcionamiento de la Comisión de Coordinación de los Servicios de Prevención, Extinción de Incendios y Salvamento de la Comunitat Valenciana. (DOCV núm. 7548 de 15.06.2015)</td><td class="column-2"><a href="https://dogv.gva.es/datos/2015/06/15/pdf/2015_5637.pdf" rel="noopener" target="_blank">PDF</a></td>
</tr>
<tr class="row-11">
	<td class="column-1">DECRETO 224/2015, de 4 de diciembre, del Consell, por el que se regula el Registro de Bomberos de la Comunitat Valenciana y se establecen las condiciones y requisitos para la acreditación del personal bombero voluntario y el personal bombero de empresa.(DOCV núm. 7676 de 11.12.2015)</td><td class="column-2"><a href="https://dogv.gva.es/datos/2015/12/11/pdf/2015_9945.pdf" rel="noopener" target="_blank">PDF</a></td>
</tr>
<tr class="row-12">
	<td class="column-1">DECRETO 22/2015, de 22 de diciembre, del president de la Generalitat, por el que se regula el Curso Selectivo de Formación para el personal bombero de nuevo acceso a los Servicios de Prevención, Extinción de Incendios y Salvamento de la Comunitat Valenciana. (DOCV núm. 7689 de 31.12.2015)</td><td class="column-2"><a href="https://dogv.gva.es/datos/2015/12/31/pdf/2015_10451.pdf" rel="noopener" target="_blank">PDF</a></td>
</tr>
<tr class="row-13">
	<td class="column-1">DECRETO 1/2016, de 19 de abril, del president de la Generalitat, por el que se regula el Curso Selectivo de Formación para el Personal de la Escala de Mando e Inspección de los Servicios de Prevención, Extinción de Incendios y Salvamento de la Comunitat Valenciana. (DOCV núm. 7774 de 04.05.2016)</td><td class="column-2"><a href="https://dogv.gva.es/datos/2016/05/04/pdf/2016_2980.pdf" rel="noopener" target="_blank">PDF</a></td>
</tr>
<tr class="row-14">
	<td class="column-1">DECRETO 122/2017, de 15 de septiembre, del Consell, por el que aprueba el Reglamento orgánico y funcional de la Agencia Valenciana de Seguridad y Respuesta a las Emergencias. DOGV núm. 8136 , de 27.09.2017</td><td class="column-2"><a href="https://dogv.gva.es/es/disposicio-consolidada?signatura=008399/2017&amp;idioma=es&amp;L=1&amp;url_lista=" rel="noopener" target="_blank">PDF</a></td>
</tr>
<tr class="row-15">
	<td class="column-1">DECRETO 129/2018, de 7 de septiembre, del Consell, por el que se aprueba el Reglamento del Servicio de Bomberos Forestales de la Generalitat. [2018/8387] DOGV núm. 8380 , de 11.09.2018</td><td class="column-2"><a href="https://dogv.gva.es/datos/2018/09/11/pdf/2018_8387.pdf" rel="noopener" target="_blank">PDF</a></td>
</tr>
<tr class="row-16">
	<td class="column-1">DECRETO 174/2022 de 21 de octubre, del Consell, por el cual se establece para la Comunitat Valenciana el currículum del ciclo formativo de grado medio correspondiente al título de técnico o técnica en Emergencias y Protección Civil. [2022/9905] DOGV núm. 9461 , de 02.11.2022</td><td class="column-2"><a href="https://dogv.gva.es/datos/2022/11/02/pdf/2022_9905.pdf" rel="noopener" target="_blank">PDF</a></td>
</tr>
<tr class="row-17">
	<td class="column-1">DECRETO 52/2022, de 13 de mayo, del Consell, por el que se establece para la Comunitat Valenciana el currículo del ciclo formativo de grado superior correspondiente al título de técnico o técnica superiores en Coordinación de Emergencias y Protección Civil. [2022/4221] DOGV núm. 9355 , de 06.06.2022</td><td class="column-2"><a href="https://dogv.gva.es/datos/2022/06/06/pdf/2022_4221.pdf" rel="noopener" target="_blank">PDF</a></td>
</tr>
<tr class="row-18">
	<td class="column-1">DECRETO 22/2014, de 24 de enero, del Consell, por el que se regula el procedimiento para la repercusión de los costes de movilización de los recursos de los servicios esenciales de intervención dependientes de la consellería con competencias en materia de protección civil y gestión de emergencias de la Comunitat Valenciana. [2014/694] DOGV núm. 7201 , de 28.01.2014</td><td class="column-2"><a href="https://dogv.gva.es/datos/2014/01/28/pdf/2014_694.pdf" rel="noopener" target="_blank">PDF</a></td>
</tr>
<tr class="row-19">
	<td class="column-1">DECRETO 37/2023, de 24 de marzo, del Consell, por el que se establecen elementos identificativos de uniformidad de las diferentes categorías y escalas de los Servicios de Prevención, Extinción de Incendios y Salvamento de la Comunitat Valenciana. [2023/3451] DOGV núm. 9567 , de 03.04.2023(Ref. Base Datos 003431/2023 )</td><td class="column-2"><a href="https://dogv.gva.es/datos/2023/04/03/pdf/2023_3451.pdf" rel="noopener" target="_blank">PDF</a></td>
</tr>
<tr class="row-20">
	<td class="column-1">DECRETO 163/2019, de 19 de julio, del Consell, de establecimiento de las bases y los criterios generales para la selección, la promoción y la movilidad del personal de las escalas y las categorías de los servicios de prevención, extinción de incendios y salvamento de las administraciones públicas de la Comunitat Valenciana. [2019/7756] DOGV núm. 8602 , de 30.07.2019</td><td class="column-2"><a href="https://dogv.gva.es/datos/2019/07/30/pdf/2019_7756.pdf" rel="noopener" target="_blank">PDF</a></td>
</tr>
<tr class="row-21">
	<td class="column-1">Decreto 91/2023, de 22 de junio, del Consell, por el que se aprueba el Reglamento de la Ley 3/1993, de 9 de diciembre, forestal de la Comunitat Valenciana<br />
<br />
</td><td class="column-2"><a href="https://dogv.gva.es/es/eli/es-vc/d/2023/06/22/91" rel="noopener" target="_blank">Permalink ELI</a></td>
</tr>
<tr class="row-22">
	<td class="column-1"></td><td class="column-2"></td>
</tr>
</tbody>
</table>
<!-- #tablepress-82 from cache -->
