{"id":76260,"date":"2026-04-14T08:02:10","date_gmt":"2026-04-14T06:02:10","guid":{"rendered":"https:\/\/www.bombersdv.es\/?page_id=76260"},"modified":"2026-04-14T08:19:00","modified_gmt":"2026-04-14T06:19:00","slug":"2026-op001-proceso-para-cubrir-por-turno-libre-16-plazas-de-administrativo-subgrupo-c1-en-el-consorcio-provincial-de-bomberos-de-valencia","status":"publish","type":"page","link":"https:\/\/www.bombersdv.es\/es\/oposiciones\/procesos-en-marcha\/2026-op001-proceso-para-cubrir-por-turno-libre-16-plazas-de-administrativo-subgrupo-c1-en-el-consorcio-provincial-de-bomberos-de-valencia\/","title":{"rendered":"2026\/OP001: Proceso para cubrir, por Turno Libre, 16 plazas de Administrativo Subgrupo C1, en el Consorcio Provincial de Bomberos de Valencia"},"content":{"rendered":"<div class=\"fusion-fullwidth fullwidth-box fusion-builder-row-1 nonhundred-percent-fullwidth non-hundred-percent-height-scrolling\" style=\"--awb-background-position:left top;--awb-border-radius-top-left:0px;--awb-border-radius-top-right:0px;--awb-border-radius-bottom-right:0px;--awb-border-radius-bottom-left:0px;--awb-padding-top:20px;--awb-padding-bottom:20px;--awb-border-sizes-top:0px;--awb-border-sizes-bottom:0px;--awb-flex-wrap:wrap;\" ><div class=\"fusion-builder-row fusion-row\"><div class=\"fusion-layout-column fusion_builder_column fusion-builder-column-0 fusion_builder_column_1_1 1_1 fusion-one-full fusion-column-first fusion-column-last fusion-column-no-min-height\" style=\"--awb-bg-size:cover;--awb-margin-bottom:0px;\"><div class=\"fusion-column-wrapper fusion-flex-column-wrapper-legacy\"><div class=\"fusion-title title fusion-title-1 fusion-sep-none fusion-title-text fusion-title-size-two\"><h2 class=\"fusion-title-heading title-heading-left fusion-responsive-typography-calculated\" style=\"margin:0;--fontSize:34;line-height:1.09;\">2026\/OP001: Proceso para cubrir, por Turno Libre, 16 plazas de Administrativo Subgrupo C1, en el Consorcio Provincial de Bomberos de Valencia<\/h2><\/div><div class=\"fusion-text fusion-text-1\"><div class=\"table-2\">\n<table style=\"height: 48px;\" width=\"100%\">\n<thead>\n<tr style=\"height: 24px;\">\n<th style=\"height: 24px; width: 69.0355%;\">Tr\u00e1mite<\/th>\n<th style=\"height: 24px; width: 6.52647%;\">Fecha<\/th>\n<th style=\"height: 24px; width: 23.7128%;\">Documento(s)<\/th>\n<\/tr>\n<\/thead>\n<tbody>\n<tr style=\"height: 24px;\">\n<td style=\"height: 24px; width: 69.0355%;\">\n<p>Bases que rigen el proceso para cubrir, por Turno Libre 16 plazas de Administrativo Subgrupo C1\u00a0 (14 turno ordinario y 2 por turno diversidad funcional), en el Consorcio Provincial de Bomberos de Valencia.<\/p>\n<p><span style=\"color: #000000;\">E<strong>l plazo de presentaci\u00f3n de instancias empieza a partir de la publicaci\u00f3n del extracto de las bases en el Bolet\u00edn Oficial del Estado. Cualquier instancia presentada antes o despu\u00e9s de este plazo ser\u00e1 extempor\u00e1nea, as\u00ed como cualquier pago de la tasa por derechos de examen realizado antes o despu\u00e9s del t\u00e9rmino de presentaci\u00f3n de instancias. En consecuencia, tanto la instancia como el pago presentados en las circunstancias indicadas, ser\u00e1n no admitidos. <\/strong><\/span><\/td>\n<td style=\"height: 24px; width: 6.52647%;\">13\/04\/2026<\/td>\n<td style=\"height: 24px; width: 23.7128%; text-align: center;\"><a href=\"https:\/\/www.bombersdv.es\/wp-content\/uploads\/2026\/04\/2026_04003_ES.pdf\" target=\"_blank\" rel=\"noopener\">Publicaci\u00f3n BOP<\/a><\/td>\n<\/tr>\n<\/tbody>\n<\/table>\n<\/div><div class=\"fusion-clearfix\"><\/div><\/div><\/div><\/div><\/div>\n<\/div>\n","protected":false},"excerpt":{"rendered":"","protected":false},"author":192,"featured_media":0,"parent":15126,"menu_order":0,"comment_status":"closed","ping_status":"closed","template":"","meta":{"footnotes":""},"class_list":["post-76260","page","type-page","status-publish","hentry"],"_links":{"self":[{"href":"https:\/\/www.bombersdv.es\/es\/wp-json\/wp\/v2\/pages\/76260"}],"collection":[{"href":"https:\/\/www.bombersdv.es\/es\/wp-json\/wp\/v2\/pages"}],"about":[{"href":"https:\/\/www.bombersdv.es\/es\/wp-json\/wp\/v2\/types\/page"}],"author":[{"embeddable":true,"href":"https:\/\/www.bombersdv.es\/es\/wp-json\/wp\/v2\/users\/192"}],"replies":[{"embeddable":true,"href":"https:\/\/www.bombersdv.es\/es\/wp-json\/wp\/v2\/comments?post=76260"}],"version-history":[{"count":5,"href":"https:\/\/www.bombersdv.es\/es\/wp-json\/wp\/v2\/pages\/76260\/revisions"}],"predecessor-version":[{"id":76273,"href":"https:\/\/www.bombersdv.es\/es\/wp-json\/wp\/v2\/pages\/76260\/revisions\/76273"}],"up":[{"embeddable":true,"href":"https:\/\/www.bombersdv.es\/es\/wp-json\/wp\/v2\/pages\/15126"}],"wp:attachment":[{"href":"https:\/\/www.bombersdv.es\/es\/wp-json\/wp\/v2\/media?parent=76260"}],"curies":[{"name":"wp","href":"https:\/\/api.w.org\/{rel}","templated":true}]}}

<div class="fusion-fullwidth fullwidth-box fusion-builder-row-1 nonhundred-percent-fullwidth non-hundred-percent-height-scrolling" style="--awb-background-position:left top;--awb-border-radius-top-left:0px;--awb-border-radius-top-right:0px;--awb-border-radius-bottom-right:0px;--awb-border-radius-bottom-left:0px;--awb-padding-top:20px;--awb-padding-bottom:20px;--awb-border-sizes-top:0px;--awb-border-sizes-bottom:0px;--awb-flex-wrap:wrap;" ><div class="fusion-builder-row fusion-row"><div class="fusion-layout-column fusion_builder_column fusion-builder-column-0 fusion_builder_column_1_1 1_1 fusion-one-full fusion-column-first fusion-column-last fusion-column-no-min-height" style="--awb-bg-size:cover;--awb-margin-bottom:0px;"><div class="fusion-column-wrapper fusion-flex-column-wrapper-legacy"><div class="fusion-title title fusion-title-1 fusion-sep-none fusion-title-text fusion-title-size-two"><h2 class="fusion-title-heading title-heading-left fusion-responsive-typography-calculated" style="margin:0;--fontSize:34;line-height:1.09;">2026/OP001: Proceso para cubrir, por Turno Libre, 16 plazas de Administrativo Subgrupo C1, en el Consorcio Provincial de Bomberos de Valencia</h2></div><div class="fusion-text fusion-text-1"><div class="table-2">
<table style="height: 48px;" width="100%">
<thead>
<tr style="height: 24px;">
<th style="height: 24px; width: 69.0355%;">Trámite</th>
<th style="height: 24px; width: 6.52647%;">Fecha</th>
<th style="height: 24px; width: 23.7128%;">Documento(s)</th>
</tr>
</thead>
<tbody>
<tr style="height: 24px;">
<td style="height: 24px; width: 69.0355%;">
<p>Bases que rigen el proceso para cubrir, por Turno Libre 16 plazas de Administrativo Subgrupo C1  (14 turno ordinario y 2 por turno diversidad funcional), en el Consorcio Provincial de Bomberos de Valencia.</p>
<p><span style="color: #000000;">E<strong>l plazo de presentación de instancias empieza a partir de la publicación del extracto de las bases en el Boletín Oficial del Estado. Cualquier instancia presentada antes o después de este plazo será extemporánea, así como cualquier pago de la tasa por derechos de examen realizado antes o después del término de presentación de instancias. En consecuencia, tanto la instancia como el pago presentados en las circunstancias indicadas, serán no admitidos. </strong></span></td>
<td style="height: 24px; width: 6.52647%;">13/04/2026</td>
<td style="height: 24px; width: 23.7128%; text-align: center;"><a href="https://www.bombersdv.es/wp-content/uploads/2026/04/2026_04003_ES.pdf" target="_blank" rel="noopener">Publicación BOP</a></td>
</tr>
</tbody>
</table>
</div><div class="fusion-clearfix"></div></div></div></div></div>
</div>
