{"id":77520,"date":"2026-09-04T08:20:21","date_gmt":"2026-09-04T06:20:21","guid":{"rendered":"https:\/\/www.bombersdv.es\/?page_id=77520"},"modified":"2026-09-04T08:20:21","modified_gmt":"2026-09-04T06:20:21","slug":"2026-bt003-bases-provision-temporal-y-urgente-de-la-jefatura-de-seccion-de-operaciones-del-consorcio-provincial-de-bomberos-de-valencia","status":"publish","type":"page","link":"https:\/\/www.bombersdv.es\/es\/oposiciones\/procesos-en-marcha\/2026-bt003-bases-provision-temporal-y-urgente-de-la-jefatura-de-seccion-de-operaciones-del-consorcio-provincial-de-bomberos-de-valencia\/","title":{"rendered":"2026\/BT003 Bases provisi\u00f3n temporal y urgente de la Jefatura de Secci\u00f3n de Operaciones del Consorcio Provincial de Bomberos de Valencia"},"content":{"rendered":"<div class=\"fusion-fullwidth fullwidth-box fusion-builder-row-1 nonhundred-percent-fullwidth non-hundred-percent-height-scrolling\" style=\"--awb-background-position:left top;--awb-border-sizes-top:0px;--awb-border-sizes-bottom:0px;--awb-border-sizes-left:0px;--awb-border-sizes-right:0px;--awb-border-radius-top-left:0px;--awb-border-radius-top-right:0px;--awb-border-radius-bottom-right:0px;--awb-border-radius-bottom-left:0px;--awb-padding-top:20px;--awb-padding-bottom:20px;--awb-flex-wrap:wrap;\" ><div class=\"fusion-builder-row fusion-row\"><div class=\"fusion-layout-column fusion_builder_column fusion-builder-column-0 fusion_builder_column_1_1 1_1 fusion-one-full fusion-column-first fusion-column-last fusion-column-no-min-height\" style=\"--awb-bg-size:cover;--awb-margin-bottom:0px;\"><div class=\"fusion-column-wrapper fusion-flex-column-wrapper-legacy\"><div class=\"fusion-title title fusion-title-1 fusion-sep-none fusion-title-text fusion-title-size-two\"><h2 class=\"fusion-title-heading title-heading-left fusion-responsive-typography-calculated\" style=\"margin:0;--fontSize:34;line-height:1.09;\">2026\/BT003 Bases provisi\u00f3n temporal y urgente de la Jefatura de Secci\u00f3n de Operaciones del Consorcio Provincial de Bomberos de Valencia<\/h2><\/div><div class=\"fusion-text fusion-text-1\"><div class=\"table-2\">\n<table style=\"width: 99.2748%;\" width=\"100%\">\n<thead>\n<tr style=\"height: 24px;\">\n<th style=\"width: 69.8557%; height: 24px;\">Tr\u00e1mite<\/th>\n<th style=\"width: 9.0277%; height: 24px;\">Fecha<\/th>\n<th style=\"width: 20.3915%; height: 24px;\">Documento(s)<\/th>\n<\/tr>\n<\/thead>\n<tbody>\n<tr style=\"height: 24px;\">\n<td style=\"width: 69.8557%; height: 24px;\">\n<p>Bases provisi\u00f3n temporal y urgente de la Jefatura de Secci\u00f3n de Operaciones del Consorcio Provincial de Bomberos de Valencia.<\/p>\n<p>convocatoria 2026\/BT003<\/td>\n<td style=\"width: 9.0277%; height: 24px;\">04\/09\/2026<\/td>\n<td style=\"width: 20.3915%; height: 24px; text-align: center;\"><a href=\"https:\/\/www.bombersdv.es\/wp-content\/uploads\/2026\/09\/BOP-JS-OPERACIONES-BT003ES.pdf\" target=\"_blank\" rel=\"noopener\">Publicaci\u00f3n BOP<\/a><\/td>\n<\/tr>\n<tr style=\"height: 48px;\">\n<td style=\"width: 69.8557%; height: 48px;\">\n<p><span style=\"color: #ff6600;\"><em>Las solicitudes deber\u00e1n tramitarse a trav\u00e9s de la Sede Electr\u00f3nica del Consorcio https:\/\/bombersdv.sedelectronica.es, dentro del apartado \u00abCat\u00e1logo de Tr\u00e1mites: Recursos Humanos y Personal\u00bb, seleccionando la opci\u00f3n \u00abSolicitud de participaci\u00f3n en provisi\u00f3n de puesto temporal: comisi\u00f3n de servicios y\/o mejora de empleo\u00bb indicando el c\u00f3digo de convocatoria 2026\/BT003.<\/em><\/span><\/p>\n<p><em><span style=\"color: #ff6600;\">El plazo de presentaci\u00f3n de solicitudes ser\u00e1 de 10 d\u00edas naturales, que comenzar\u00e1n a contar al d\u00eda\u00a0 siguiente de la publicaci\u00f3n de estas Bases en el BOP<\/span><\/em><\/td>\n<td style=\"width: 9.0277%; height: 48px;\"><\/td>\n<td style=\"width: 20.3915%; height: 48px;\"><\/td>\n<\/tr>\n<\/tbody>\n<\/table>\n<\/div>\n<\/div><div class=\"fusion-clearfix\"><\/div><\/div><\/div><\/div><\/div>\n","protected":false},"excerpt":{"rendered":"","protected":false},"author":192,"featured_media":0,"parent":15126,"menu_order":0,"comment_status":"closed","ping_status":"closed","template":"","meta":{"footnotes":""},"class_list":["post-77520","page","type-page","status-publish","hentry"],"_links":{"self":[{"href":"https:\/\/www.bombersdv.es\/es\/wp-json\/wp\/v2\/pages\/77520"}],"collection":[{"href":"https:\/\/www.bombersdv.es\/es\/wp-json\/wp\/v2\/pages"}],"about":[{"href":"https:\/\/www.bombersdv.es\/es\/wp-json\/wp\/v2\/types\/page"}],"author":[{"embeddable":true,"href":"https:\/\/www.bombersdv.es\/es\/wp-json\/wp\/v2\/users\/192"}],"replies":[{"embeddable":true,"href":"https:\/\/www.bombersdv.es\/es\/wp-json\/wp\/v2\/comments?post=77520"}],"version-history":[{"count":3,"href":"https:\/\/www.bombersdv.es\/es\/wp-json\/wp\/v2\/pages\/77520\/revisions"}],"predecessor-version":[{"id":77532,"href":"https:\/\/www.bombersdv.es\/es\/wp-json\/wp\/v2\/pages\/77520\/revisions\/77532"}],"up":[{"embeddable":true,"href":"https:\/\/www.bombersdv.es\/es\/wp-json\/wp\/v2\/pages\/15126"}],"wp:attachment":[{"href":"https:\/\/www.bombersdv.es\/es\/wp-json\/wp\/v2\/media?parent=77520"}],"curies":[{"name":"wp","href":"https:\/\/api.w.org\/{rel}","templated":true}]}}

2026/BT003 Bases provisión temporal y urgente de la Jefatura de Sección de Operaciones del Consorcio Provincial de Bomberos de Valencia

<div class="fusion-fullwidth fullwidth-box fusion-builder-row-1 nonhundred-percent-fullwidth non-hundred-percent-height-scrolling" style="--awb-background-position:left top;--awb-border-sizes-top:0px;--awb-border-sizes-bottom:0px;--awb-border-sizes-left:0px;--awb-border-sizes-right:0px;--awb-border-radius-top-left:0px;--awb-border-radius-top-right:0px;--awb-border-radius-bottom-right:0px;--awb-border-radius-bottom-left:0px;--awb-padding-top:20px;--awb-padding-bottom:20px;--awb-flex-wrap:wrap;" ><div class="fusion-builder-row fusion-row"><div class="fusion-layout-column fusion_builder_column fusion-builder-column-0 fusion_builder_column_1_1 1_1 fusion-one-full fusion-column-first fusion-column-last fusion-column-no-min-height" style="--awb-bg-size:cover;--awb-margin-bottom:0px;"><div class="fusion-column-wrapper fusion-flex-column-wrapper-legacy"><div class="fusion-title title fusion-title-1 fusion-sep-none fusion-title-text fusion-title-size-two"><h2 class="fusion-title-heading title-heading-left fusion-responsive-typography-calculated" style="margin:0;--fontSize:34;line-height:1.09;">2026/BT003 Bases provisión temporal y urgente de la Jefatura de Sección de Operaciones del Consorcio Provincial de Bomberos de Valencia</h2></div><div class="fusion-text fusion-text-1"><div class="table-2">
<table style="width: 99.2748%;" width="100%">
<thead>
<tr style="height: 24px;">
<th style="width: 69.8557%; height: 24px;">Trámite</th>
<th style="width: 9.0277%; height: 24px;">Fecha</th>
<th style="width: 20.3915%; height: 24px;">Documento(s)</th>
</tr>
</thead>
<tbody>
<tr style="height: 24px;">
<td style="width: 69.8557%; height: 24px;">
<p>Bases provisión temporal y urgente de la Jefatura de Sección de Operaciones del Consorcio Provincial de Bomberos de Valencia.</p>
<p>convocatoria 2026/BT003</td>
<td style="width: 9.0277%; height: 24px;">04/09/2026</td>
<td style="width: 20.3915%; height: 24px; text-align: center;"><a href="https://www.bombersdv.es/wp-content/uploads/2026/09/BOP-JS-OPERACIONES-BT003ES.pdf" target="_blank" rel="noopener">Publicación BOP</a></td>
</tr>
<tr style="height: 48px;">
<td style="width: 69.8557%; height: 48px;">
<p><span style="color: #ff6600;"><em>Las solicitudes deberán tramitarse a través de la Sede Electrónica del Consorcio https://bombersdv.sedelectronica.es, dentro del apartado «Catálogo de Trámites: Recursos Humanos y Personal», seleccionando la opción «Solicitud de participación en provisión de puesto temporal: comisión de servicios y/o mejora de empleo» indicando el código de convocatoria 2026/BT003.</em></span></p>
<p><em><span style="color: #ff6600;">El plazo de presentación de solicitudes será de 10 días naturales, que comenzarán a contar al día  siguiente de la publicación de estas Bases en el BOP</span></em></td>
<td style="width: 9.0277%; height: 48px;"></td>
<td style="width: 20.3915%; height: 48px;"></td>
</tr>
</tbody>
</table>
</div>
</div><div class="fusion-clearfix"></div></div></div></div></div>
